
4
Let u(t) = -t**3 + 9*t**2 + 4*t + 35. What is u(10)?
-25
Let a(b) = 3*b + 7. Give a(11).
40
Let c(v) = 4*v**2 + 4*v - 22. Calculate c(5).
98
Let x(n) = -n - 2. Determine x(15).
-17
Let b(q) = q**3 - 10*q**2 - 22*q - 17. Calculate b(12).
7
Let f(p) = 11*p + 6. What is f(0)?
6
Let c(m) = m**3 + 8*m**2 - 5. Give c(-7).
44
Let m(t) = t**2 + 9*t + 20. What is m(-8)?
12
Let q(x) = x**3 - 2*x**2 + 3*x - 5. Give q(2).
1
Let o(y) = -y**2 + 8*y + 18. Calculate o(9).
9
Let b(c) = 2*c**2 + 6*c + 5. What is b(-5)?
25
Let s(b) = b**3 + 11*b**2 - 2*b + 3. Give s(-11).
25
Let p(n) = -3*n + 33. Give p(12).
-3
Let d(i) = -33*i + 2. What is d(2)?
-64
Let o(z) = -z**3 + 2*z**2 + 4*z + 3. Determine o(-3).
36
Let r(y) = -14*y - 3. Give r(-3).
39
Let l(p) = 12*p + 495. Determine l(-41).
3
Let w(f) = -10*f - 18. Determine w(-2).
2
Let w(q) = q + 1. Give w(3).
4
Let i(r) = -r - 5. What is i(12)?
-17
Let v(b) = 2*b - 68. What is v(12)?
-44
Let i(d) = -d**3 + 2*d**2 + 14*d + 11. Give i(5).
6
Let a(y) = -5*y + 33. Determine a(6).
3
Let r(l) = -l**3 + 19*l**2 + l - 13. What is r(19)?
6
Let a(b) = 10*b - 10. What is a(-1)?
-20
Let g(z) = -z**3 - z**2 - 2*z - 3. Give g(3).
-45
Let h(d) = 2*d - 7. Calculate h(3).
-1
Let k(j) = 12*j**2 - j. What is k(1)?
11
Let n(r) = r**3 - 4*r**2 + 11*r - 18. Give n(5).
62
Let a(r) = 3*r + 121. Calculate a(-39).
4
Let w(z) = -4*z**2 - 23*z - 17. What is w(-5)?
-2
Let n(h) = -2*h - 11. Calculate n(-3).
-5
Let i(s) = s**3 - 3*s**2 + 4. Calculate i(5).
54
Let k(p) = p**2 + 38*p + 107. Determine k(-35).
2
Let m(v) = -3*v**3 - 5*v**2 - 3*v + 8. Give m(-4).
132
Let p(v) = -2*v**3 + 8*v + 3. Determine p(-3).
33
Let w(t) = -t**2 - 28*t - 104. Give w(-22).
28
Let d(c) = -4*c + 7. Determine d(-6).
31
Let n(y) = -2*y**2 - 3*y + 1. Calculate n(-4).
-19
Let z(w) = -2*w**3 - w**2 + 2*w + 1. Determine z(-2).
9
Let k(z) = 3*z**2 - 15*z - 3. Determine k(6).
15
Let d(k) = k**3 - 8*k**2 + 8*k + 5. Calculate d(6).
-19
Let u(j) = j**3 - 25*j**2 + 136*j + 11. Calculate u(17).
11
Let g(l) = -3*l**2 - 37*l - 14. Calculate g(-12).
-2
Let o(k) = 3*k - 9. Determine o(7).
12
Let i(r) = -r**3 + 9*r**2 + 19*r. Give i(11).
-33
Let n(r) = -r**3 - 15*r**2 - 12*r + 13. What is n(-14)?
-15
Let d(c) = -c**3 + 14*c**2 - 16*c - 2. What is d(13)?
-41
Let a(f) = f**3 + 7*f**2 + f - 5. Determine a(-7).
-12
Let o(u) = -37*u + 69. Determine o(2).
-5
Let o(a) = 4*a**2 + 9*a + 5. What is o(-4)?
33
Let r(q) = q + 40. Determine r(-10).
30
Let t(h) = -5*h + 5. Calculate t(6).
-25
Let x(o) = o**2 - 3*o + 3. Calculate x(4).
7
Let l(r) = -24*r + 6. Give l(2).
-42
Let t(x) = x**3 + 8*x**2 + 4*x + 25. Give t(-8).
-7
Let s(n) = n - 14. Determine s(6).
-8
Let b(o) = o**3 - 7*o**2 + 17*o - 17. Determine b(4).
3
Let s(d) = d**2 + 6*d + 7. Give s(-4).
-1
Let o(c) = -c**3 - 10*c**2 + 22*c - 25. Calculate o(-12).
-1
Let j(h) = h**3 - 3*h**2 + 4*h + 5. Give j(0).
5
Let l(t) = t**2 + 19*t + 77. What is l(-15)?
17
Let k(q) = -q + 20. Calculate k(17).
3
Let o(q) = -q**3 - 2*q**2 + q + 64. Calculate o(0).
64
Let i(o) = 31*o - 180. What is i(6)?
6
Let r(c) = -2*c**2 - 8*c + 10. Calculate r(-5).
0
Let c(g) = g**2 - g - 15. What is c(-4)?
5
Let c(v) = -v**3 + 18*v**2 - 27*v - 102. Calculate c(16).
-22
Let q(v) = -v**3 + 10*v**2 - 16*v + 57. Determine q(9).
-6
Let n(b) = 2*b**3 + b**2 - b + 4. Determine n(-2).
-6
Let a(r) = -r**3 - 43*r**2 + 42*r - 91. Determine a(-44).
-3
Let v(s) = s**3 - 2*s**2 - 3*s + 4. Determine v(2).
-2
Let v(h) = -18*h + 49. What is v(3)?
-5
Let v(q) = q**3 - 9*q**2 - 20*q - 24. Give v(11).
-2
Let z(b) = -3*b**2 + 7*b + 5. Calculate z(-3).
-43
Let f(y) = 16*y - 13. What is f(-1)?
-29
Let r(g) = 21*g - 167. Give r(8).
1
Let f(l) = 4*l**3 - 2*l**2 + 1. What is f(-1)?
-5
Let l(d) = -d**2 + 4*d - 6. Determine l(5).
-11
Let s(b) = -b**2 + 68*b + 192. Calculate s(-3).
-21
Let k(c) = c**3 + c**2 - 2*c - 2. Give k(-4).
-42
Let y(n) = n + 17. Give y(11).
28
Let p(d) = 8*d - 1. Give p(2).
15
Let z(v) = -v + 24. What is z(6)?
18
Let d(b) = 3*b**2 + 11*b + 1. Give d(-4).
5
Let q(m) = m**2 + 6. What is q(4)?
22
Let m(s) = -s**2 - 3*s + 29. Calculate m(-7).
1
Let v(c) = 23*c + 4. Give v(-2).
-42
Let b(u) = -u**2 + 11*u + 61. What is b(15)?
1
Let v(g) = g**3 + 71*g**2 - 148*g - 152. Determine v(-73).
-6
Let q(y) = y. Calculate q(-9).
-9
Let f(r) = 4*r - 39. Calculate f(15).
21
Let m(b) = b**3 - 17*b**2 - 2*b + 19. Give m(17).
-15
Let v(w) = w + 4. Determine v(-9).
-5
Let q(j) = -7*j + 35. Give q(3).
14
Let t(o) = -o + 15. Give t(18).
-3
Let s(x) = -10*x - 14. Calculate s(-4).
26
Let t(g) = -g**3 - 9*g**2 - 8*g - 14. Give t(-8).
-14
Let y(j) = -7*j - 20. Calculate y(-3).
1
Let p(a) = -a**2 + 17*a - 29. Calculate p(15).
1
Let t(w) = w**2 - 17*w + 23. Give t(12).
-37
Let d(v) = v**3 - 2*v**2 + 7*v + 2. What is d(2)?
16
Let q(w) = 2*w**3 + 2*w**2 + 2*w + 1. What is q(-2)?
-11
Let i(h) = 2*h**2 + 20*h - 11. What is i(-10)?
-11
Let d(i) = i**2 + 43*i - 152. Determine d(4).
36
Let s(i) = i**2 - 10*i + 4. Give s(12).
28
Let m(z) = 2*z**2 - 12. Calculate m(-2).
-4
Let w(l) = -3*l**2 - 22*l + 46. Calculate w(2).
-10
Let v(j) = 2*j**2 + 19*j - 130. Determine v(-14).
-4
Let u(n) = -n**3 - 3*n**2 + 4*n + 1. Determine u(-4).
1
Let c(b) = -5*b - 37. Give c(-17).
48
Let t(c) = -c**2 - 18*c - 10. Calculate t(-14).
46
Let q(m) = -m**3 + 12*m**2 - 20*m - 5. What is q(10)?
-5
Let n(k) = 4*k. Give n(5).
20
Let f(x) = -29*x**2 + 175*x - 6. Determine f(6).
0
Let t(a) = -a**3 + 5*a**2 + 9*a - 15. Determine t(6).
3
Let j(q) = -q - 1. What is j(4)?
-5
Let f(h) = -27*h - 341. Calculate f(-12).
-17
Let j(u) = u**3 + 7*u**2 - 5. Determine j(-7).
-5
Let x(z) = -z**3 + 10*z**2 + 10*z - 8. What is x(11)?
-19
Let t(d) = d**2 + 10*d + 5. Determine t(-5).
-20
Let h(c) = 16*c - 16. What is h(4)?
48
Let o(h) = 41*h**3 - h**2. Give o(-1).
-42
Let t(u) = 3*u - 12. Calculate t(5).
3
Let u(t) = t**2 - 116*t + 541. Calculate u(5).
-14
Let m(b) = 3*b**3 + b**2 - b - 1. Calculate m(2).
25
Let u(g) = -g**2 + 40*g - 39. Give u(1).
0
Let l(h) = h**3 + 3*h**2 - 29*h - 2. Determine l(-7).
5
Let y(i) = -i + 25. Give y(31).
-6
Let l(c) = 91*c**2 - c + 1. Determine l(1).
91
Let y(l) = -4*l**3 + 9*l**2 - 4*l + 6. What is y(2)?
2
Let c(t) = 69*t**3 - 2*t - 1. Give c(-1).
-68
Let d(a) = -a - 7. Give d(-8).
1
Let d(i) = -i**3 - 4*i**2 - 4*i + 5. Give d(-3).
8
Let t(q) = -q**2 + 9*q + 9. Calculate t(8).
17
Let d(b) = -b**3 - b**2 - 4*b - 7. Calculate d(-3).
23
Let g(w) = w**3 + 6*w**2 + w - 6. What is g(-4)?
22
Let r(m) = 66*m - 331. Determine r(5).
-1
Let o(y) = 2*y. What is o(-3)?
-6
Let u(o) = o**2 + 8*o - 24. What is u(-11)?
9
Let l(s) = 6*s**2 + 2*s + 1. Calculate l(-2).
21
Let u(r) = -21*r**3 - 3*r**2 - r + 6. Calculate u(2).
-176
Let d(h) = h**3 + 8*h**2 - 7*h - 4. Determine d(-8).
52
Let z(n) = n**2 + 3*n + 2. Determine z(-7).
30
Let o(f) = -f**2 + 10*f - 3. What is o(7)?
18
Let s(z) = -2*z**2 + 2*z + 44. What is s(11)?
-176
Let m(i) = -9*i + 4. Calculate m(7).
-59
Let g(n) = n**3 - 7*n**2 - 12*n - 8. Give g(8).
-40
Let q(c) = -7*c + 7. Determine q(-2).
21
Let x(j) = -j**2 - 5*j + 4. Determine x(-4).
8
Let r(x) = 12*x + 15. Calculate r(-2).
-9
Let h(j) = 20*j + 414. Calculate h(-21).
-6
Let k(v) = -2*v**2 + 8*v + 13. Determine k(8).
-51
Let q(r) = r**3 + 7*r**2 + 13*r - 6. Give q(-5).
-21
Let y(o) = -o**2 - 18*o - 75. Give y(-6).
-3
Let j(t) = -t**2 + 2*t - 4. What is j(5)?
-19
Let h(j) = 6*j + 126. What is h(-16)?
30
Let t(k) = -k**3 - 3*k**2 + 11*k - 14. Give t(-6).
28
Let x(t) = t**2 + 23*t - 465. Give x(-36).
3
Let s(w) = -w + 6. Give s(-7).
13
Let h(f) = 6*f**2 + 1. What is h(-3)?
55
Let f(k) = k + 2. What is f(13)?
15
Let w(q) = -3*q**3 + 2*q + 1. Calculate w(2).
-19
Let n(c) = -2*c + 12. Give n(10).
-8
Let t(f) = 3*f - 21. What is t(9)?
6
Let c(b) = -b**2 + 15*b + 3. Determine c(15).
3
Let c(p) = -5*p - 11. Give c(-5).
14
Let l(u) = -2*u**3 - 101*u**2 - 53*u - 155. Calculate l(-50).
-5
Let n(l) = -2*l**3 + l**2 + 2*l. Calculate n(-2).
16
Let z(u) = u**3 - 13*u**2 + 11*u - 10. Calculate z(12).
-22
Let g(f) = 6*f**2 - 18*f - 24. What is g(4)?
0
Let o(f) = 2*f**3 + 16*f**2 + 2*f - 8. Give o(-8).
-24
Let m(z) = 10*z**2 + 38*z - 14. Give m(-4).
-6
Let u(d) = d**3 + d**2 - 2*d - 8. Determine u(0).
-8
Let k(s) = -7*s**2 + 85*s - 17. Calcu